3
What are the prime factors of 12821?
12821
List the prime factors of 40560.
2, 3, 5, 13
List the prime factors of 170.
2, 5, 17
What are the prime factors of 1101?
3, 367
List the prime factors of 589.
19, 31
List the prime factors of 428.
2, 107
List the prime factors of 3983.
7, 569
What are the prime factors of 620?
2, 5, 31
What are the prime factors of 4376?
2, 547
List the prime factors of 2246.
2, 1123
What are the prime factors of 45696?
2, 3, 7, 17
List the prime factors of 10841.
37, 293
List the prime factors of 7224.
2, 3, 7, 43
List the prime factors of 480.
2, 3, 5
List the prime factors of 4697.
7, 11, 61
List the prime factors of 1892.
2, 11, 43
What are the prime factors of 29754?
2, 3, 19, 29
What are the prime factors of 795?
3, 5, 53
List the prime factors of 41076.
2, 3, 7, 163
What are the prime factors of 5133?
3, 29, 59
List the prime factors of 778.
2, 389
List the prime factors of 1086.
2, 3, 181
List the prime factors of 40677.
3, 7, 13, 149
What are the prime factors of 9908?
2, 2477
What are the prime factors of 12038?
2, 13, 463
What are the prime factors of 1183?
7, 13
What are the prime factors of 304?
2, 19
What are the prime factors of 173776?
2, 10861
What are the prime factors of 12794?
2, 6397
List the prime factors of 3120.
2, 3, 5, 13
List the prime factors of 13727.
7, 37, 53
What are the prime factors of 1137?
3, 379
List the prime factors of 17932.
2, 4483
What are the prime factors of 2760?
2, 3, 5, 23
List the prime factors of 3459.
3, 1153
List the prime factors of 152408.
2, 19051
List the prime factors of 179273.
31, 5783
What are the prime factors of 18300?
2, 3, 5, 61
What are the prime factors of 4419?
3, 491
What are the prime factors of 1361?
1361
What are the prime factors of 2842?
2, 7, 29
What are the prime factors of 695?
5, 139
List the prime factors of 812.
2, 7, 29
What are the prime factors of 2662?
2, 11
List the prime factors of 2871.
3, 11, 29
What are the prime factors of 3320?
2, 5, 83
What are the prime factors of 51525?
3, 5, 229
What are the prime factors of 63421?
63421
List the prime factors of 1401.
3, 467
What are the prime factors of 275?
5, 11
List the prime factors of 30666.
2, 3, 19, 269
List the prime factors of 1952.
2, 61
List the prime factors of 349.
349
What are the prime factors of 13851?
3, 19
What are the prime factors of 80254?
2, 40127
What are the prime factors of 2858?
2, 1429
What are the prime factors of 1142?
2, 571
List the prime factors of 22774.
2, 59, 193
List the prime factors of 200.
2, 5
List the prime factors of 118612.
2, 13, 2281
What are the prime factors of 849?
3, 283
What are the prime factors of 62336?
2, 487
List the prime factors of 373.
373
What are the prime factors of 15806?
2, 7, 1129
List the prime factors of 3937.
31, 127
List the prime factors of 61.
61
What are the prime factors of 3181?
3181
List the prime factors of 25492.
2, 6373
What are the prime factors of 9746?
2, 11, 443
List the prime factors of 424.
2, 53
List the prime factors of 670.
2, 5, 67
List the prime factors of 18952.
2, 23, 103
What are the prime factors of 9076?
2, 2269
What are the prime factors of 906?
2, 3, 151
What are the prime factors of 11731?
11731
List the prime factors of 279.
3, 31
List the prime factors of 2709.
3, 7, 43
What are the prime factors of 2686?
2, 17, 79
What are the prime factors of 19938?
2, 3, 3323
List the prime factors of 1426.
2, 23, 31
List the prime factors of 8472.
2, 3, 353
What are the prime factors of 1551?
3, 11, 47
List the prime factors of 10752.
2, 3, 7
List the prime factors of 10474.
2, 5237
List the prime factors of 9289.
7, 1327
List the prime factors of 4378.
2, 11, 199
List the prime factors of 3566.
2, 1783
What are the prime factors of 86310?
2, 3, 5, 7, 137
What are the prime factors of 198?
2, 3, 11
What are the prime factors of 54?
2, 3
List the prime factors of 1485.
3, 5, 11
What are the prime factors of 481?
13, 37
What are the prime factors of 2113?
2113
What are the prime factors of 1575?
3, 5, 7
What are the prime factors of 1477?
7, 211
What are the prime factors of 15266?
2, 17, 449
What are the prime factors of 13852?
2, 3463
List the prime factors of 248.
2, 31
List the prime factors of 7763.
7, 1109
What are the prime factors of 2778?
2, 3, 463
What are the prime factors of 28047?
3, 9349
List the prime factors of 179008.
2, 2797
List the prime factors of 1109.
1109
What are the prime factors of 868?
2, 7, 31
List the prime factors of 261.
3, 29
List the prime factors of 21842.
2, 67, 163
List the prime factors of 955.
5, 191
What are the prime factors of 7918?
2, 37, 107
What are the prime factors of 1437?
3, 479
What are the prime factors of 636?
2, 3, 53
What are the prime factors of 2137?
2137
List the prime factors of 996.
2, 3, 83
What are the prime factors of 2284?
2, 571
What are the prime factors of 2709?
3, 7, 43
List the prime factors of 1985.
5, 397
What are the prime factors of 388?
2, 97
What are the prime factors of 1679?
23, 73
What are the prime factors of 17048?
2, 2131
List the prime factors of 666.
2, 3, 37
What are the prime factors of 1780?
2, 5, 89
List the prime factors of 1921.
17, 113
List the prime factors of 592.
2, 37
What are the prime factors of 2065?
5, 7, 59
List the prime factors of 2415.
3, 5, 7, 23
List the prime factors of 572.
2, 11, 13
List the prime factors of 23105.
5, 4621
What are the prime factors of 30586?
2, 41, 373
List the prime factors of 642.
2, 3, 107
What are the prime factors of 3390?
2, 3, 5, 113
List the prime factors of 216.
2, 3
List the prime factors of 2170.
2, 5, 7, 31
List the prime factors of 6390.
2, 3, 5, 71
What are the prime factors of 6260?
2, 5, 313
List the prime factors of 36214.
2, 19, 953
What are the prime factors of 1112?
2, 139
List the prime factors of 2851.
2851
What are the prime factors of 72873?
3, 2699
What are the prime factors of 3716?
2, 929
What are the prime factors of 19940?
2, 5, 997
What are the prime factors of 1430?
2, 5, 11, 13
List the prime factors of 58375.
5, 467
What are the prime factors of 88660?
2, 5, 11, 13, 31
What are the prime factors of 2586?
2, 3, 431
List the prime factors of 486.
2, 3
List the prime factors of 3093.
3, 1031
List the prime factors of 5886.
2, 3, 109
What are the prime factors of 4527?
3, 503
List the prime factors of 89165.
5, 17, 1049
What are the prime factors of 907?
907
List the prime factors of 5549.
31, 179
What are the prime factors of 762?
2, 3, 127
What are the prime factors of 19150?
2, 5, 383
What are the prime factors of 9948?
2, 3, 829
List the prime factors of 19276.
2, 61, 79
List the prime factors of 1451.
1451
List the prime factors of 1571.
1571
List the prime factors of 1647.
3, 61
List the prime factors of 4604.
2, 1151
What are the prime factors of 305?
5, 61
What are the prime factors of 56206?
2, 157, 179
What are the prime factors of 39010?
2, 5, 47, 83
List the prime factors of 28233.
3, 3137
What are the prime factors of 83505?
3, 5, 19, 293
List the prime factors of 46178.
2, 11, 2099
What are the prime factors of 97456?
2, 6091
List the prime factors of 548.
2, 137
List the prime factors of 6674.
2, 47, 71
List the prime factors of 7681.
7681
What are the prime factors of 8826?
2, 3, 1471
What are the prime factors of 11171?
11171
What are the prime factors of 57028?
2, 53, 269
List the prime factors of 1893.
3, 631
List the prime factors of 8241.
3, 41, 67
What are the prime factors of 485?
5, 97
List the prime factors of 1085.
5, 7, 31
What are the prime factors of 1769?
29, 61
List the prime factors of 131413.
131413
What are the prime factors of 105338?
2, 31, 1699
What are the prime factors of 68061?
3, 7, 463
List the prime factors of 4438.
2, 7, 317
List the prime factors of 13440.
2, 3, 5, 7
List the prime factors of 2398.
2, 11, 109
What are the prime factors of 1207?
17, 71
List the prime factors of 14357.
7, 293
What are the prime factors of 8547?
3, 7, 11, 37
List the prime factors of 13751.
13751
What are the prime factors of 22723?
31, 733
What are the prime factors of 52057?
52057
What are the prime factors of 4914?
2, 3, 7, 13
What are the prime factors of 15105?
3, 5, 19, 53
What are the prime factors of 18732?
2, 3, 7, 223
